{"id":387,"date":"2025-09-08T11:23:44","date_gmt":"2025-09-08T09:23:44","guid":{"rendered":"https:\/\/gazelle.ihe-europe.net\/?page_id=387"},"modified":"2025-09-08T12:11:45","modified_gmt":"2025-09-08T10:11:45","slug":"legal-notice","status":"publish","type":"page","link":"https:\/\/gazelle.ihe-europe.net\/?page_id=387","title":{"rendered":"Legal Notice"},"content":{"rendered":"\n<h2 class=\"wp-block-heading\"><strong><strong>1. Legal Information<\/strong><\/strong><\/h2>\n\n\n\n<p>In accordance with the provisions of Articles 6-III and 19 of the French Law on Confidence in the Digital Economy (21\/06\/2004), we inform you that this website is the property of <strong>KEREVAL<\/strong>.<br>Publication Director: <strong>Yacine Tamoudi<\/strong><br>Contact: <strong>+33 2 23 20 36 64<\/strong><\/p>\n\n\n\n<h2 class=\"wp-block-heading\"><strong>2. Cr\u00e9dits<\/strong><\/h2>\n\n\n\n<p>Design and development: <strong>WordPress<\/strong><br>Photo credits: <strong>@Kereval<\/strong><\/p>\n\n\n\n<h2 class=\"wp-block-heading\"><strong>3. Copyright<\/strong><\/h2>\n\n\n\n<p>The content, images, illustrations, photos, slogans, databases, as well as all works integrated into the website are the property of <strong>Kereval<\/strong> or third parties having authorized Kereval to use them.<br>Any full or partial representation of this website, its trademarks, or its logos, by any company whatsoever, without the express authorization of the website operator, is prohibited and constitutes an infringement punishable under Articles L.335-2 et seq. and L713-2 of the French Intellectual Property Code.<\/p>\n\n\n\n<h2 class=\"wp-block-heading\"><strong>4. Personal Data<\/strong><\/h2>\n\n\n\n<p>In accordance with the General Data Protection Regulation (GDPR \u2013 April 26, 2016), the personal data collected through the contact form are only transmitted to authorized internal personnel responsible for processing such data.<\/p>\n\n\n\n<p>You have the right to access, portability, rectification, and deletion of your personal data.<br>To exercise your rights, you may contact Kereval via the contact form or send an email to <strong><a>dpo@kereval.com<\/a><\/strong>. You may also write to:<br><strong>Kereval, 4 rue H\u00e9l\u00e8ne Boucher, ZA Bellevue, Thorign\u00e9-Fouillard, France.<\/strong><\/p>\n\n\n\n<h2 class=\"wp-block-heading\"><strong>5. Cookies<\/strong><\/h2>\n\n\n\n<p>Users are informed that, during visits to the site, a cookie may automatically be installed on their browsing software.<br>A cookie is a block of data that does not allow users to be identified but is used to record information relating to their navigation on the site.<\/p>\n\n\n\n<h2 class=\"wp-block-heading\"><strong>6. Liability<\/strong><\/h2>\n\n\n\n<p>Kereval declines all responsibility for the content of external websites linked to this site.<br>Regardless of the type of link established from an external Internet site to Kereval\u2019s website, Kereval reserves the right to oppose its establishment.<\/p>\n","protected":false},"excerpt":{"rendered":"<p>1. Legal Information In accordance with the provisions of Articles 6-III and 19 of the French Law on Confidence in the Digital Economy (21\/06\/2004), we inform you that this website is the property of KEREVAL.Publication Director: Yacine TamoudiContact: +33 2 23 20 36 64 2. Cr\u00e9dits Design and development: WordPressPhoto credits: @Kereval 3. Copyright The [&hellip;]<\/p>\n","protected":false},"author":1,"featured_media":0,"parent":0,"menu_order":0,"comment_status":"closed","ping_status":"closed","template":"","meta":{"footnotes":""},"class_list":["post-387","page","type-page","status-publish","hentry"],"_links":{"self":[{"href":"https:\/\/gazelle.ihe-europe.net\/index.php?rest_route=\/wp\/v2\/pages\/387","targetHints":{"allow":["GET"]}}],"collection":[{"href":"https:\/\/gazelle.ihe-europe.net\/index.php?rest_route=\/wp\/v2\/pages"}],"about":[{"href":"https:\/\/gazelle.ihe-europe.net\/index.php?rest_route=\/wp\/v2\/types\/page"}],"author":[{"embeddable":true,"href":"https:\/\/gazelle.ihe-europe.net\/index.php?rest_route=\/wp\/v2\/users\/1"}],"replies":[{"embeddable":true,"href":"https:\/\/gazelle.ihe-europe.net\/index.php?rest_route=%2Fwp%2Fv2%2Fcomments&post=387"}],"version-history":[{"count":2,"href":"https:\/\/gazelle.ihe-europe.net\/index.php?rest_route=\/wp\/v2\/pages\/387\/revisions"}],"predecessor-version":[{"id":389,"href":"https:\/\/gazelle.ihe-europe.net\/index.php?rest_route=\/wp\/v2\/pages\/387\/revisions\/389"}],"wp:attachment":[{"href":"https:\/\/gazelle.ihe-europe.net\/index.php?rest_route=%2Fwp%2Fv2%2Fmedia&parent=387"}],"curies":[{"name":"wp","href":"https:\/\/api.w.org\/{rel}","templated":true}]}}